60198937 a composite number?
False
Is 1097091659 composite?
True
Is 7997181473 a prime number?
True
Is 6109071047 a composite number?
False
Is 21022411 a prime number?
True
Is 6074956543 a composite number?
False
Is 1506487813 composite?
False
Is 4000880253 prime?
False
Is 529787743 composite?
False
Is 764170811 a prime number?
False
Is 2060359267 prime?
False
Is 54602804303 a prime number?
False
Is 80993499047 prime?
True
Is 164676449 a prime number?
False
Is 31092142903 a composite number?
False
Is 44591101909 composite?
False
Is 1108842905 a prime number?
False
Is 497286149 prime?
False
Is 920037311 composite?
False
Is 6490984711 composite?
True
Is 59380336387 composite?
False
Is 2147757109 a composite number?
True
Is 319580351 composite?
False
Is 275651274589 a composite number?
False
Is 88433852357 composite?
True
Is 35822426866 a prime number?
False
Is 4439842013 prime?
True
Is 6381491777 a composite number?
False
Is 52791713789 composite?
True
Is 343333009 composite?
False
Is 231284488169 a composite number?
True
Is 5030681729 composite?
False
Is 1076885443 composite?
False
Is 127432321745 a composite number?
True
Is 60642660667 prime?
False
Is 4244139439 composite?
True
Is 1295184133 composite?
True
Is 41998269977 prime?
True
Is 20628543421 a prime number?
True
Is 89100203 a prime number?
False
Is 1210018207 a composite number?
True
Is 17596034509 a prime number?
True
Is 29239326521 prime?
True
Is 1176651169 prime?
False
Is 10734240919 composite?
False
Is 26020297181 a composite number?
True
Is 802290077 a prime number?
True
Is 4544517697 a composite number?
True
Is 485564999 a prime number?
False
Is 18916866223 prime?
True
Is 741784679 a prime number?
False
Is 163368209 composite?
True
Is 3847409395 a prime number?
False
Is 39128760551 a prime number?
False
Is 104765533057 a composite number?
False
Is 13604580463 composite?
True
Is 105060594445 a composite number?
True
Is 4474733279 a composite number?
False
Is 154019011 prime?
True
Is 92594160859 composite?
True
Is 26991303749 a composite number?
False
Is 454513783 a composite number?
True
Is 4356396419 composite?
True
Is 28821629 a prime number?
True
Is 14010949753 prime?
False
Is 38127743473 a prime number?
True
Is 121881889 a composite number?
True
Is 12480305777 composite?
True
Is 3780674741 prime?
True
Is 1903494601 prime?
True
Is 3894917899 a composite number?
False
Is 10499748541 prime?
False
Is 1452980401 a prime number?
True
Is 359828981 a composite number?
True
Is 34406224691 composite?
True
Is 394672835 prime?
False
Is 26788841633 prime?
True
Is 1296032371 a composite number?
False
Is 728133229 composite?
False
Is 12495003187 prime?
True
Is 23601893123 a composite number?
False
Is 1342904009 a prime number?
False
Is 863779429 prime?
False
Is 2197137289 prime?
False
Is 1281870251 prime?
True
Is 70748945477 a prime number?
False
Is 18195782621 prime?
True
Is 180853523 a composite number?
False
Is 1297238311 prime?
True
Is 4059023147 a composite number?
False
Is 40500525877 prime?
False
Is 3071371333 a prime number?
True
Is 12539967799 a composite number?
True
Is 17740535649 a composite number?
True
Is 676687469 composite?
False
Is 304828425043 a prime number?
True
Is 5873346013 a prime number?
False
Is 2612601457 a composite number?
False
Is 10855180249 composite?
False
Is 787391681 a prime number?
False
Is 14935589113 a prime number?
False
Is 959995931 prime?
False
Is 24580182646 a prime number?
False
Is 28613371 a composite number?
True
Is 4780041139 a composite number?
False
Is 29340211 a prime number?
True
Is 13095262019 a prime number?
False
Is 616985951 prime?
False
Is 1023403363 prime?
False
Is 858025787 a prime number?
False
Is 323543113 composite?
True
Is 800238221 prime?
False
Is 7244019217 composite?
False
Is 65050305583 composite?
False
Is 166486735 a composite number?
True
Is 18751903249 a prime number?
False
Is 3258236911 prime?
False
Is 11830032367 a composite number?
False
Is 279263837 composite?
True
Is 336750551 a prime number?
False
Is 156410381 a prime number?
True
Is 67617811 prime?
False
Is 1554825161 prime?
True
Is 1295672267 composite?
False
Is 2825712467 prime?
True
Is 2190858557 composite?
True
Is 9308745101 a prime number?
True
Is 11231837977 a prime number?
True
Is 181037897 prime?
True
Is 1302299639 composite?
False
Is 1585990397 a composite number?
False
Is 276219457 composite?
False
Is 1281247897 composite?
False
Is 5733002617 composite?
False
Is 79537349 composite?
False
Is 28840752293 a composite number?
False
Is 1570418638 a composite number?
True
Is 5208678043 prime?
False
Is 123566649445 a prime number?
False
Is 2082402551 prime?
False
Is 40690233331 composite?
True
Is 904879327 prime?
False
Is 122120797549 a prime number?
True
Is 25365649919 a prime number?
True
Is 5948365559 a composite number?
False
Is 127781089217 prime?
True
Is 35889989437 a prime number?
False
Is 168323609 a prime number?
False
Is 2089286477 a composite number?
False
Is 23652560993 a prime number?
True
Is 18376335841 a composite number?
False
Is 2569020159 composite?
True
Is 5581167617 a prime number?
True
Is 198148261 composite?
False
Is 13789859 composite?
False
Is 2384689009 prime?
True
Is 16897944379 a prime number?
False
Is 2368266929 prime?
False
Is 123981520379 prime?
True
Is 4648266646 a composite number?
True
Is 59014073731 prime?
True
Is 38478426209 composite?
False
Is 418452121 prime?
False
Is 10841816291 a prime number?
False
Is 5877084802 composite?
True
Is 7856213819 a prime number?
True
Is 8012557361 a prime number?
True
Is 14680159381 prime?
True
Is 462949205 a composite number?
True
Is 38401387937 composite?
True
Is 779317219 composite?
False
Is 14280908561 a composite number?
False
Is 2545252753 a composite number?
False
Is 4293964687 composite?
True
Is 1558234961 composite?
False
Is 3267112897 a prime number?
False
Is 400276507 composite?
False
Is 2206410215 a prime number?
False
Is 243941413 a composite number?
False
Is 561832213 a prime number?
True
Is 2538166733 a composite number?
False
Is 30000217211 composite?
True
Is 96341599355 a prime number?
False
Is 17223281057 composite?
False
Is 6886885202 composite?
True
Is 15144128017 prime?
False
Is 6129947 composite?
False
Is 29979489635 a composite number?
True
Is 4808488871 composite?
False
Is 41584514021 a composite number?
True
Is 14551448881 a prime number?
True
Is 481674359 a prime number?
False
Is 391680967 prime?
True
Is 212674566917 a prime number?
True
Is 798997741 a prime number?
True
Is 565147243 a prime number?
False
Is 19836705631 a prime number?
False
Is 332686129 a composite number?
True
Is 92032360619 composite?
False
Is 9855569105 a prime number?
False
Is 65203215353 composite?
False
Is 29946538663 a composite number?
False
Is 46287467 a composite number?
False
Is 9336429889 composite?
True
Is 6018725771 composite?
False
Is 9971891519 composite?
False
Is 16121853587 a prime number?
False
Is 1039056793 a composite number?
False
Is 736687153 prime?
True
Is 51242675123 prime?
False
Is 44606971 a prime number?
False
Is 7363496813 a prime number?
True
Is 12282979897 prime?
True
Is 404384059 a composite number?
True
Is 21484381693 prime?
True
Is 28138605679 prime?
False
Is 40668015083 composite?
False
Is 3155942707 a prime number?
True
Is 1088697947 a prime number?
True
Is 5140151201 prime?
False
Is 7698378157 a prime number?
True
Is 68669349467 prime?
True
Is 19926025607 prime?
True
Is 1227897599 a composite number?
True
Is 115347259655 a prime number?
False
Is 102792870989 a prime number?
True
Is 70667632721 prime?
False
Is 8578662557 prime?
False
Is 1777565459 composite?
False
Is 10999256421 a prime number?
False
Is 1035008389 a composite number?
False
Is 3530477389 a composite number?
False
Is 76482157 a prime number?
True
Is 5920260701 prime?
False
Is 6187321571 a prime number?
True
Is 651678661 a composite number?
True
Is 578792749 composite?
False
Is 891323707 a prime number?
False
Is 196311143 a composite number?
True
Is 3206303701 a prime number?
False
Is 3011837909 a prime number?
True
Is 7413952957 a composite number?
True
Is 39414214951 a prime number?
True
Is 29138088613 composite?
True
Is 241814984897 prime?
True
Is 3297964889 prime?
False
Is 294334147 a prime number?